nder when 1150067 is divided by 4.
3
What is the remainder when 882212687 is divided by 8568?
8567
What is the remainder when 165965 is divided by 585?
410
What is the remainder when 2922988 is divided by 730741?
24
Calculate the remainder when 2571453 is divided by 202.
195
Calculate the remainder when 931137 is divided by 982.
201
What is the remainder when 21627436 is divided by 209974?
114
Calculate the remainder when 127410 is divided by 2365.
2065
What is the remainder when 13645328 is divided by 860?
568
What is the remainder when 208957 is divided by 40?
37
What is the remainder when 87366 is divided by 29120?
6
Calculate the remainder when 148941 is divided by 416.
13
Calculate the remainder when 2241140 is divided by 1839.
1238
What is the remainder when 1091671 is divided by 28?
7
Calculate the remainder when 3866 is divided by 1304.
1258
Calculate the remainder when 1028589 is divided by 3838.
5
Calculate the remainder when 349050315 is divided by 49864330.
5
What is the remainder when 29994022 is divided by 5757?
52
Calculate the remainder when 545985 is divided by 556.
549
Calculate the remainder when 11714068 is divided by 585703.
8
Calculate the remainder when 1462491 is divided by 367.
363
Calculate the remainder when 79209 is divided by 7802.
1189
Calculate the remainder when 532824 is divided by 106514.
254
What is the remainder when 26498 is divided by 12959?
580
Calculate the remainder when 5800820 is divided by 210.
200
What is the remainder when 58598475 is divided by 116?
31
Calculate the remainder when 1138328 is divided by 3353.
1661
What is the remainder when 1387873 is divided by 1977?
19
Calculate the remainder when 162516 is divided by 3065.
71
Calculate the remainder when 150321094 is divided by 4122.
4120
Calculate the remainder when 4204641 is divided by 7019.
260
Calculate the remainder when 140427 is divided by 2031.
288
Calculate the remainder when 8830568 is divided by 9672.
32
What is the remainder when 2567530 is divided by 106?
104
Calculate the remainder when 1627378 is divided by 33.
16
What is the remainder when 61421123 is divided by 78?
23
Calculate the remainder when 6585946 is divided by 7.
3
What is the remainder when 60879812 is divided by 14624?
100
Calculate the remainder when 43215 is divided by 8219.
2120
Calculate the remainder when 427226 is divided by 142210.
596
Calculate the remainder when 1859169 is divided by 42.
39
What is the remainder when 2472641 is divided by 412099?
47
What is the remainder when 18239063 is divided by 9119518?
27
Calculate the remainder when 492636 is divided by 35141.
662
What is the remainder when 30487665 is divided by 446?
443
Calculate the remainder when 7383945 is divided by 83.
16
Calculate the remainder when 116476 is divided by 10587.
19
Calculate the remainder when 13028015 is divided by 58.
55
What is the remainder when 2194140 is divided by 245?
165
Calculate the remainder when 114366984 is divided by 4.
0
Calculate the remainder when 16727843 is divided by 2.
1
Calculate the remainder when 6144854 is divided by 411.
404
Calculate the remainder when 291294013 is divided by 16.
13
What is the remainder when 296248 is divided by 73492?
2280
What is the remainder when 14549 is divided by 9927?
4622
Calculate the remainder when 10315150 is divided by 16.
14
Calculate the remainder when 364370 is divided by 537.
284
Calculate the remainder when 3245551 is divided by 92729.
36
What is the remainder when 14667660 is divided by 349230?
0
What is the remainder when 431196357 is divided by 465?
462
Calculate the remainder when 1913239 is divided by 2091.
2065
Calculate the remainder when 748358 is divided by 21369.
443
Calculate the remainder when 751575 is divided by 187858.
143
What is the remainder when 285915 is divided by 5834?
49
What is the remainder when 92361789 is divided by 643?
626
Calculate the remainder when 17201213 is divided by 476.
1
Calculate the remainder when 37628534 is divided by 11.
9
What is the remainder when 173245 is divided by 34631?
90
Calculate the remainder when 93944328 is divided by 46972161.
6
Calculate the remainder when 222598 is divided by 8229.
415
What is the remainder when 4053905 is divided by 2026927?
51
Calculate the remainder when 24841091 is divided by 24841091.
0
Calculate the remainder when 132444 is divided by 130040.
2404
Calculate the remainder when 8614713 is divided by 333.
3
Calculate the remainder when 152222 is divided by 319.
59
Calculate the remainder when 18058 is divided by 336.
250
What is the remainder when 37099580 is divided by 10181?
16
What is the remainder when 15981629 is divided by 150770?
9
What is the remainder when 6685824 is divided by 1967?
1958
What is the remainder when 107395 is divided by 2829?
2722
What is the remainder when 1676580 is divided by 99?
15
What is the remainder when 26091533 is divided by 4922?
11
What is the remainder when 45486 is divided by 33?
12
Calculate the remainder when 181602 is divided by 841.
787
What is the remainder when 533365 is divided by 296?
269
Calculate the remainder when 3132185 is divided by 284743.
12
Calculate the remainder when 223293 is divided by 161.
147
Calculate the remainder when 526806 is divided by 439.
6
What is the remainder when 2655580 is divided by 3219?
3124
What is the remainder when 1846011019 is divided by 70?
69
What is the remainder when 10300394 is divided by 542126?
0
Calculate the remainder when 120810 is divided by 1859.
1834
Calculate the remainder when 180833 is divided by 5160.
233
What is the remainder when 29469 is divided by 600?
69
What is the remainder when 165753 is divided by 13797?
189
Calculate the remainder when 1144203 is divided by 3019.
2
Calculate the remainder when 984 is divided by 694.
290
What is the remainder when 86751 is divided by 2279?
149
Calculate the remainder when 8590939 is divided by 143.
71
Calculate the remainder when 385953 is divided by 602.
71
Calculate the remainder when 23393 is divided by 3620.
1673
What is the remainder when 123879377 is divided by 41293123?
8
Calculate the remainder when 634965 is divided by 126918.
375
What is the remainder when 130886 is divided by 3409?
1344
Calculate the remainder when 3353217 is divided by 64483.
101
Calculate the remainder when 61822 is divided by 48.
46
What is the remainder when 246206 is divided by 367?
316
Calculate the remainder when 5629640 is divided by 804232.
16
What is the remainder when 5055497 is divided by 2134?
51
What is the remainder when 3832836 is divided by 1916350?
136
Calculate the remainder when 1027085 is divided by 132.
125
What is the remainder when 274553 is divided by 977?
16
What is the remainder when 1401832 is divided by 2902?
166
What is the remainder when 26575 is divided by 11924?
2727
What is the remainder when 262923916 is divided by 19?
16
Calculate the remainder when 14414554 is divided by 2778.
2290
Calculate the remainder when 3085399 is divided by 2761.
1362
Calculate the remainder when 1101601 is divided by 4337.
3
What is the remainder when 29776576 is divided by 9417?
22
Calculate the remainder when 8038 is divided by 3703.
632
Calculate the remainder when 4274480 is divided by 478.
204
What is the remainder when 95578750 is divided by 2522?
2516
What is the remainder when 331088 is divided by 8464?
992
What is the remainder when 1758813 is divided by 811?
565
Calculate the remainder when 3869170 is divided by 11.
8
What is the remainder when 1784790 is divided by 160?
150
What is the remainder when 142346 is divided by 455?
386
Calculate the remainder when 2465402 is divided by 1280.
122
What is the remainder when 123351803 is divided by 88?
3
What is the remainder when 827072 is divided by 137542?
1820
What is the remainder when 120388 is divided by 13368?
76
What is the remainder when 245968 is divided by 2016?
16
What is the remainder when 714904 is divided by 237970?
994
What is the remainder when 1674382 is divided by 67?
52
What is the remainder when 303751878 is divided by 4259?
4257
What is the remainder when 1904061 is divided by 1902761?
1300
What is the remainder when 171865737 is divided by 1090?
1077
Calculate the remainder when 18149439 is divided by 604977.
129
What is the rema